{"id":2856,"date":"2025-11-18T17:34:30","date_gmt":"2025-11-18T17:34:30","guid":{"rendered":"https:\/\/codec-ouaga.com\/?page_id=2856"},"modified":"2025-11-18T17:34:31","modified_gmt":"2025-11-18T17:34:31","slug":"depots-de-cheque","status":"publish","type":"page","link":"https:\/\/codec-ouaga.com\/index.php\/service-financiers\/depots-de-cheque\/","title":{"rendered":"D\u00e9p\u00f4ts de Ch\u00e8que"},"content":{"rendered":"\n<p style=\"font-size:18px\">Un service rapide et s\u00e9curis\u00e9 pour d\u00e9poser vos ch\u00e8ques sur votre compte.<\/p>\n\n\n\n<ul class=\"wp-block-list\">\n<li style=\"font-size:18px\"><strong>Caract\u00e9ristiques<\/strong> :\n<ul class=\"wp-block-list\">\n<li style=\"font-size:18px\">Traitement rapide et fiable.<\/li>\n\n\n\n<li style=\"font-size:18px\">Disponibilit\u00e9 des fonds apr\u00e8s validation.<\/li>\n<\/ul>\n<\/li>\n<\/ul>\n\n\n\n<p style=\"font-size:18px\"><strong>Id\u00e9al pour<\/strong> : Les clients utilisant des ch\u00e8ques pour leurs transactions.<\/p>\n","protected":false},"excerpt":{"rendered":"<p>Un service rapide et s\u00e9curis\u00e9 pour d\u00e9poser vos ch\u00e8ques sur votre compte. Id\u00e9al pour : Les clients utilisant des ch\u00e8ques pour leurs transactions.<\/p>\n","protected":false},"author":1,"featured_media":0,"parent":1327,"menu_order":0,"comment_status":"closed","ping_status":"closed","template":"","meta":{"footnotes":""},"class_list":["post-2856","page","type-page","status-publish","hentry"],"_links":{"self":[{"href":"https:\/\/codec-ouaga.com\/index.php\/wp-json\/wp\/v2\/pages\/2856","targetHints":{"allow":["GET"]}}],"collection":[{"href":"https:\/\/codec-ouaga.com\/index.php\/wp-json\/wp\/v2\/pages"}],"about":[{"href":"https:\/\/codec-ouaga.com\/index.php\/wp-json\/wp\/v2\/types\/page"}],"author":[{"embeddable":true,"href":"https:\/\/codec-ouaga.com\/index.php\/wp-json\/wp\/v2\/users\/1"}],"replies":[{"embeddable":true,"href":"https:\/\/codec-ouaga.com\/index.php\/wp-json\/wp\/v2\/comments?post=2856"}],"version-history":[{"count":0,"href":"https:\/\/codec-ouaga.com\/index.php\/wp-json\/wp\/v2\/pages\/2856\/revisions"}],"up":[{"embeddable":true,"href":"https:\/\/codec-ouaga.com\/index.php\/wp-json\/wp\/v2\/pages\/1327"}],"wp:attachment":[{"href":"https:\/\/codec-ouaga.com\/index.php\/wp-json\/wp\/v2\/media?parent=2856"}],"curies":[{"name":"wp","href":"https:\/\/api.w.org\/{rel}","templated":true}]}}