{"id":2818,"date":"2025-11-18T16:28:31","date_gmt":"2025-11-18T16:28:31","guid":{"rendered":"https:\/\/codec-ouaga.com\/?page_id=2818"},"modified":"2025-11-18T16:48:16","modified_gmt":"2025-11-18T16:48:16","slug":"la-caution-de-bonne-fin-dexecution","status":"publish","type":"page","link":"https:\/\/codec-ouaga.com\/index.php\/engagements-par-signature-cautions\/la-caution-de-bonne-fin-dexecution\/","title":{"rendered":"La caution de bonne fin d\u2019ex\u00e9cution"},"content":{"rendered":"\n<figure class=\"wp-block-image size-full\"><img loading=\"lazy\" decoding=\"async\" width=\"680\" height=\"453\" src=\"https:\/\/codec-ouaga.com\/wp-content\/uploads\/2025\/11\/Bonne-fin.jpg\" alt=\"\" class=\"wp-image-2678\" srcset=\"https:\/\/codec-ouaga.com\/wp-content\/uploads\/2025\/11\/Bonne-fin.jpg 680w, https:\/\/codec-ouaga.com\/wp-content\/uploads\/2025\/11\/Bonne-fin-300x200.jpg 300w\" sizes=\"auto, (max-width: 680px) 100vw, 680px\" \/><\/figure>\n\n\n\n<p style=\"font-size:18px\">C\u2019est une caution garantissant au donneur d\u2019ordre qu\u2019il encaissera un pourcentage du prix du march\u00e9 en cas de non-ex\u00e9cution du contrat par le ma\u00eetre d\u2019\u0153uvre.<\/p>\n\n\n\n<p><\/p>\n","protected":false},"excerpt":{"rendered":"<p>C\u2019est une caution garantissant au donneur d\u2019ordre qu\u2019il encaissera un pourcentage du prix du march\u00e9 en cas de non-ex\u00e9cution du contrat par le ma\u00eetre d\u2019\u0153uvre.<\/p>\n","protected":false},"author":1,"featured_media":0,"parent":2418,"menu_order":0,"comment_status":"closed","ping_status":"closed","template":"","meta":{"footnotes":""},"class_list":["post-2818","page","type-page","status-publish","hentry"],"_links":{"self":[{"href":"https:\/\/codec-ouaga.com\/index.php\/wp-json\/wp\/v2\/pages\/2818","targetHints":{"allow":["GET"]}}],"collection":[{"href":"https:\/\/codec-ouaga.com\/index.php\/wp-json\/wp\/v2\/pages"}],"about":[{"href":"https:\/\/codec-ouaga.com\/index.php\/wp-json\/wp\/v2\/types\/page"}],"author":[{"embeddable":true,"href":"https:\/\/codec-ouaga.com\/index.php\/wp-json\/wp\/v2\/users\/1"}],"replies":[{"embeddable":true,"href":"https:\/\/codec-ouaga.com\/index.php\/wp-json\/wp\/v2\/comments?post=2818"}],"version-history":[{"count":0,"href":"https:\/\/codec-ouaga.com\/index.php\/wp-json\/wp\/v2\/pages\/2818\/revisions"}],"up":[{"embeddable":true,"href":"https:\/\/codec-ouaga.com\/index.php\/wp-json\/wp\/v2\/pages\/2418"}],"wp:attachment":[{"href":"https:\/\/codec-ouaga.com\/index.php\/wp-json\/wp\/v2\/media?parent=2818"}],"curies":[{"name":"wp","href":"https:\/\/api.w.org\/{rel}","templated":true}]}}