{"id":2802,"date":"2025-11-18T15:38:12","date_gmt":"2025-11-18T15:38:12","guid":{"rendered":"https:\/\/codec-ouaga.com\/?page_id=2802"},"modified":"2025-12-10T12:21:01","modified_gmt":"2025-12-10T12:21:01","slug":"credit-salaries-3","status":"publish","type":"page","link":"https:\/\/codec-ouaga.com\/index.php\/credit-direct\/credit-salaries-3\/","title":{"rendered":"Cr\u00e9dit Salari\u00e9s"},"content":{"rendered":"\n<figure class=\"wp-block-image size-full\"><img loading=\"lazy\" decoding=\"async\" width=\"612\" height=\"398\" src=\"https:\/\/codec-ouaga.com\/wp-content\/uploads\/2025\/12\/c-salarie.jpg\" alt=\"\" class=\"wp-image-4453\" srcset=\"https:\/\/codec-ouaga.com\/wp-content\/uploads\/2025\/12\/c-salarie.jpg 612w, https:\/\/codec-ouaga.com\/wp-content\/uploads\/2025\/12\/c-salarie-300x195.jpg 300w\" sizes=\"auto, (max-width: 612px) 100vw, 612px\" \/><\/figure>\n\n\n\n<p style=\"font-size:18px\">Le cr\u00e9dit salari\u00e9 est destin\u00e9 \u00e0 r\u00e9pondre aux <strong>besoins financiers des travailleurs ayant une source de revenu stable<\/strong>.<\/p>\n\n\n\n<ul class=\"wp-block-list\">\n<li style=\"font-size:18px\"><strong>Caract\u00e9ristiques<\/strong> :\n<ul class=\"wp-block-list\">\n<li>Montant du pr\u00eat bas\u00e9 sur le salaire et la capacit\u00e9 de remboursement.<\/li>\n\n\n\n<li>Modalit\u00e9s adapt\u00e9es aux cycles de r\u00e9mun\u00e9ration (mensuel, bimensuel).<\/li>\n\n\n\n<li>Remboursement direct par pr\u00e9l\u00e8vement sur salaire, garantissant simplicit\u00e9 et s\u00e9curit\u00e9.<\/li>\n<\/ul>\n<\/li>\n\n\n\n<li style=\"font-size:18px\"><strong>Avantages<\/strong> : Facilit\u00e9 d\u2019acc\u00e8s, rapidit\u00e9 dans le traitement des demandes, et conditions avantageuses pour les salari\u00e9s.<\/li>\n<\/ul>\n\n\n\n<p style=\"font-size:18px\"><strong>Id\u00e9al pour<\/strong> : Les employ\u00e9s ayant des projets personnels ou des besoins impr\u00e9vus n\u00e9cessitant un financement rapide.<\/p>\n","protected":false},"excerpt":{"rendered":"<p>Le cr\u00e9dit salari\u00e9 est destin\u00e9 \u00e0 r\u00e9pondre aux besoins financiers des travailleurs ayant une source de revenu stable. Id\u00e9al pour : Les employ\u00e9s ayant des projets personnels ou des besoins impr\u00e9vus n\u00e9cessitant un financement rapide.<\/p>\n","protected":false},"author":1,"featured_media":0,"parent":2382,"menu_order":0,"comment_status":"closed","ping_status":"closed","template":"","meta":{"footnotes":""},"class_list":["post-2802","page","type-page","status-publish","hentry"],"_links":{"self":[{"href":"https:\/\/codec-ouaga.com\/index.php\/wp-json\/wp\/v2\/pages\/2802","targetHints":{"allow":["GET"]}}],"collection":[{"href":"https:\/\/codec-ouaga.com\/index.php\/wp-json\/wp\/v2\/pages"}],"about":[{"href":"https:\/\/codec-ouaga.com\/index.php\/wp-json\/wp\/v2\/types\/page"}],"author":[{"embeddable":true,"href":"https:\/\/codec-ouaga.com\/index.php\/wp-json\/wp\/v2\/users\/1"}],"replies":[{"embeddable":true,"href":"https:\/\/codec-ouaga.com\/index.php\/wp-json\/wp\/v2\/comments?post=2802"}],"version-history":[{"count":0,"href":"https:\/\/codec-ouaga.com\/index.php\/wp-json\/wp\/v2\/pages\/2802\/revisions"}],"up":[{"embeddable":true,"href":"https:\/\/codec-ouaga.com\/index.php\/wp-json\/wp\/v2\/pages\/2382"}],"wp:attachment":[{"href":"https:\/\/codec-ouaga.com\/index.php\/wp-json\/wp\/v2\/media?parent=2802"}],"curies":[{"name":"wp","href":"https:\/\/api.w.org\/{rel}","templated":true}]}}