{"id":2787,"date":"2025-11-18T15:26:21","date_gmt":"2025-11-18T15:26:21","guid":{"rendered":"https:\/\/codec-ouaga.com\/?page_id=2787"},"modified":"2025-12-10T12:18:33","modified_gmt":"2025-12-10T12:18:33","slug":"credit-groupe-solidaire-3","status":"publish","type":"page","link":"https:\/\/codec-ouaga.com\/index.php\/credit-direct\/credit-groupe-solidaire-3\/","title":{"rendered":"Cr\u00e9dit Groupe Solidaire"},"content":{"rendered":"\n<figure class=\"wp-block-image size-full\"><img loading=\"lazy\" decoding=\"async\" width=\"460\" height=\"345\" src=\"https:\/\/codec-ouaga.com\/wp-content\/uploads\/2025\/12\/c-solidaire.jpg\" alt=\"\" class=\"wp-image-4451\" srcset=\"https:\/\/codec-ouaga.com\/wp-content\/uploads\/2025\/12\/c-solidaire.jpg 460w, https:\/\/codec-ouaga.com\/wp-content\/uploads\/2025\/12\/c-solidaire-300x225.jpg 300w\" sizes=\"auto, (max-width: 460px) 100vw, 460px\" \/><\/figure>\n\n\n\n<p style=\"font-size:18px\">Un cr\u00e9dit destin\u00e9 \u00e0 des groupes de personnes ayant un <strong>objectif commun<\/strong> (associations, coop\u00e9ratives). Chaque membre garantit les remboursements des autres. Un produit innovant bas\u00e9 sur la <strong>solidarit\u00e9 communautaire<\/strong>, permettant \u00e0 un groupe d\u2019\u00e9pargner et d\u2019acc\u00e9der successivement \u00e0 des cr\u00e9dits \u00e0 des conditions avantageuses.<\/p>\n\n\n\n<ul class=\"wp-block-list\">\n<li style=\"font-size:18px\"><strong>Avantages<\/strong> : Garantie solidaire, inclusivit\u00e9 et acc\u00e8s facilit\u00e9.<\/li>\n<\/ul>\n\n\n\n<p style=\"font-size:18px\"><strong>Id\u00e9al pour<\/strong> : Les groupes ou associations cherchant \u00e0 d\u00e9velopper des activit\u00e9s collectives par la caution solidaire.<\/p>\n","protected":false},"excerpt":{"rendered":"<p>Un cr\u00e9dit destin\u00e9 \u00e0 des groupes de personnes ayant un objectif commun (associations, coop\u00e9ratives). Chaque membre garantit les remboursements des autres. Un produit innovant bas\u00e9 sur la solidarit\u00e9 communautaire, permettant \u00e0 un groupe d\u2019\u00e9pargner et d\u2019acc\u00e9der successivement \u00e0 des cr\u00e9dits \u00e0 des conditions avantageuses. Id\u00e9al pour : Les groupes ou associations cherchant \u00e0 d\u00e9velopper des [&hellip;]<\/p>\n","protected":false},"author":1,"featured_media":0,"parent":2382,"menu_order":0,"comment_status":"closed","ping_status":"closed","template":"","meta":{"footnotes":""},"class_list":["post-2787","page","type-page","status-publish","hentry"],"_links":{"self":[{"href":"https:\/\/codec-ouaga.com\/index.php\/wp-json\/wp\/v2\/pages\/2787","targetHints":{"allow":["GET"]}}],"collection":[{"href":"https:\/\/codec-ouaga.com\/index.php\/wp-json\/wp\/v2\/pages"}],"about":[{"href":"https:\/\/codec-ouaga.com\/index.php\/wp-json\/wp\/v2\/types\/page"}],"author":[{"embeddable":true,"href":"https:\/\/codec-ouaga.com\/index.php\/wp-json\/wp\/v2\/users\/1"}],"replies":[{"embeddable":true,"href":"https:\/\/codec-ouaga.com\/index.php\/wp-json\/wp\/v2\/comments?post=2787"}],"version-history":[{"count":0,"href":"https:\/\/codec-ouaga.com\/index.php\/wp-json\/wp\/v2\/pages\/2787\/revisions"}],"up":[{"embeddable":true,"href":"https:\/\/codec-ouaga.com\/index.php\/wp-json\/wp\/v2\/pages\/2382"}],"wp:attachment":[{"href":"https:\/\/codec-ouaga.com\/index.php\/wp-json\/wp\/v2\/media?parent=2787"}],"curies":[{"name":"wp","href":"https:\/\/api.w.org\/{rel}","templated":true}]}}