{"id":2755,"date":"2025-11-18T14:39:50","date_gmt":"2025-11-18T14:39:50","guid":{"rendered":"https:\/\/codec-ouaga.com\/?page_id=2755"},"modified":"2025-11-24T12:30:32","modified_gmt":"2025-11-24T12:30:32","slug":"compte-courant-depot-a-vue-3","status":"publish","type":"page","link":"https:\/\/codec-ouaga.com\/index.php\/epargne\/compte-courant-depot-a-vue-3\/","title":{"rendered":"Compte Courant (D\u00e9p\u00f4t \u00e0 Vue)"},"content":{"rendered":"\n<figure class=\"wp-block-image size-full\"><img loading=\"lazy\" decoding=\"async\" width=\"680\" height=\"453\" src=\"https:\/\/codec-ouaga.com\/wp-content\/uploads\/2025\/11\/Compte-Courant-Depot-a-Vue-1.jpg\" alt=\"\" class=\"wp-image-2641\" srcset=\"https:\/\/codec-ouaga.com\/wp-content\/uploads\/2025\/11\/Compte-Courant-Depot-a-Vue-1.jpg 680w, https:\/\/codec-ouaga.com\/wp-content\/uploads\/2025\/11\/Compte-Courant-Depot-a-Vue-1-300x200.jpg 300w\" sizes=\"auto, (max-width: 680px) 100vw, 680px\" \/><\/figure>\n\n\n\n<p style=\"font-size:18px\">Un compte courant est un <strong>compte bancaire de base<\/strong> destin\u00e9 \u00e0 la gestion quotidienne de vos finances. Il vous permet :<\/p>\n\n\n\n<ul style=\"font-size:18px\" class=\"wp-block-list\">\n<li style=\"font-size:18px\"><strong>D\u00e9p\u00f4ts et retraits<\/strong> : Effectuer des d\u00e9p\u00f4ts et des retraits \u00e0 tout moment sans restriction.<\/li>\n\n\n\n<li style=\"font-size:18px\"><strong>Moyens de paiement<\/strong> : Utiliser des ch\u00e8ques, virements, ou cartes bancaires pour vos transactions courantes.<\/li>\n\n\n\n<li style=\"font-size:18px\"><strong>Disponibilit\u00e9 imm\u00e9diate des fonds<\/strong> : Votre argent reste disponible \u00e0 tout moment pour r\u00e9pondre \u00e0 vos besoins.<\/li>\n<\/ul>\n\n\n\n<p style=\"font-size:18px\"><strong>Id\u00e9al pour<\/strong> : Les membres qui ont besoin d\u2019un acc\u00e8s rapide et constant \u00e0 leurs fonds pour leurs op\u00e9rations quotidiennes.<\/p>\n","protected":false},"excerpt":{"rendered":"<p>Un compte courant est un compte bancaire de base destin\u00e9 \u00e0 la gestion quotidienne de vos finances. Il vous permet : Id\u00e9al pour : Les membres qui ont besoin d\u2019un acc\u00e8s rapide et constant \u00e0 leurs fonds pour leurs op\u00e9rations quotidiennes.<\/p>\n","protected":false},"author":1,"featured_media":0,"parent":2330,"menu_order":0,"comment_status":"closed","ping_status":"closed","template":"","meta":{"footnotes":""},"class_list":["post-2755","page","type-page","status-publish","hentry"],"_links":{"self":[{"href":"https:\/\/codec-ouaga.com\/index.php\/wp-json\/wp\/v2\/pages\/2755","targetHints":{"allow":["GET"]}}],"collection":[{"href":"https:\/\/codec-ouaga.com\/index.php\/wp-json\/wp\/v2\/pages"}],"about":[{"href":"https:\/\/codec-ouaga.com\/index.php\/wp-json\/wp\/v2\/types\/page"}],"author":[{"embeddable":true,"href":"https:\/\/codec-ouaga.com\/index.php\/wp-json\/wp\/v2\/users\/1"}],"replies":[{"embeddable":true,"href":"https:\/\/codec-ouaga.com\/index.php\/wp-json\/wp\/v2\/comments?post=2755"}],"version-history":[{"count":0,"href":"https:\/\/codec-ouaga.com\/index.php\/wp-json\/wp\/v2\/pages\/2755\/revisions"}],"up":[{"embeddable":true,"href":"https:\/\/codec-ouaga.com\/index.php\/wp-json\/wp\/v2\/pages\/2330"}],"wp:attachment":[{"href":"https:\/\/codec-ouaga.com\/index.php\/wp-json\/wp\/v2\/media?parent=2755"}],"curies":[{"name":"wp","href":"https:\/\/api.w.org\/{rel}","templated":true}]}}