{"id":2382,"date":"2025-11-07T17:11:44","date_gmt":"2025-11-07T17:11:44","guid":{"rendered":"https:\/\/codec-ouaga.com\/?page_id=2382"},"modified":"2025-12-10T12:05:00","modified_gmt":"2025-12-10T12:05:00","slug":"credit-direct","status":"publish","type":"page","link":"https:\/\/codec-ouaga.com\/index.php\/credit-direct\/","title":{"rendered":"Cr\u00e9dits directs"},"content":{"rendered":"<div class=\"wpb-content-wrapper\"><p>[vc_row][vc_column width=\u00a0\u00bb1\/3&Prime;][vc_empty_space height=\u00a0\u00bb50px\u00a0\u00bb]\n    <div class=\"service-box image-box \">\n        <img loading=\"lazy\" decoding=\"async\" width=\"680\" height=\"453\" src=\"https:\/\/codec-ouaga.com\/wp-content\/uploads\/2025\/11\/Credits-de-Tresorerie-ou-Credits-Fonds-de-Roulement.jpg\" class=\"img-responsive\" alt=\"\" srcset=\"https:\/\/codec-ouaga.com\/wp-content\/uploads\/2025\/11\/Credits-de-Tresorerie-ou-Credits-Fonds-de-Roulement.jpg 680w, https:\/\/codec-ouaga.com\/wp-content\/uploads\/2025\/11\/Credits-de-Tresorerie-ou-Credits-Fonds-de-Roulement-300x200.jpg 300w\" sizes=\"auto, (max-width: 680px) 100vw, 680px\" \/>        <div class=\"content-box\">\n            <h4><a href=\"https:\/\/codec-ouaga.com\/index.php\/credit-direct\/credits-de-tresorerie-ou-credits-fonds-de-roulement\/\">Cr\u00e9dits de Tr\u00e9sorerie ou Cr\u00e9dits Fonds de Roulement<\/a><\/h4>\n            <p><\/p>\r\n<p style=\"text-align: justify;\"><strong>Id\u00e9al pour<\/strong> : Les membres (Personnes physiques ou morale) ayant des besoins ponctuels de tr\u00e9sorerie.<\/p>\r\n<p><\/p>\n            <a class=\"link-box pagelink\" href=\"https:\/\/codec-ouaga.com\/index.php\/credit-direct\/credits-de-tresorerie-ou-credits-fonds-de-roulement\/\" target=\"_self\">Lire la suite<\/a>        <\/div>\n    <\/div>\n\n    [vc_empty_space height=\u00a0\u00bb30px\u00a0\u00bb][\/vc_column][vc_column width=\u00a0\u00bb1\/3&Prime;][vc_empty_space height=\u00a0\u00bb50px\u00a0\u00bb]\n    <div class=\"service-box image-box \">\n        <img loading=\"lazy\" decoding=\"async\" width=\"680\" height=\"453\" src=\"https:\/\/codec-ouaga.com\/wp-content\/uploads\/2025\/11\/Credits-Ordinaires-1.jpg\" class=\"img-responsive\" alt=\"\" srcset=\"https:\/\/codec-ouaga.com\/wp-content\/uploads\/2025\/11\/Credits-Ordinaires-1.jpg 680w, https:\/\/codec-ouaga.com\/wp-content\/uploads\/2025\/11\/Credits-Ordinaires-1-300x200.jpg 300w\" sizes=\"auto, (max-width: 680px) 100vw, 680px\" \/>        <div class=\"content-box\">\n            <h4><a href=\"https:\/\/codec-ouaga.com\/index.php\/credit-direct\/credits-ordinaires-3\/\">Cr\u00e9dits Ordinaires<\/a><\/h4>\n            <p><\/p>\r\n<p style=\"text-align: justify;\"><strong>Id\u00e9al pour<\/strong> : Les membres (Personnes physiques ou morale) souhaitant investir dans des projets sp\u00e9cifiques.<br \/><span style=\"color: #ffffff;\">CODEC-Ouaga<\/span><\/p>\r\n<p><\/p>\n            <a class=\"link-box pagelink\" href=\"https:\/\/codec-ouaga.com\/index.php\/credit-direct\/credits-ordinaires-3\/\" target=\"_self\">Lire la suite<\/a>        <\/div>\n    <\/div>\n\n    [vc_empty_space height=\u00a0\u00bb30px\u00a0\u00bb][\/vc_column][vc_column width=\u00a0\u00bb1\/3&Prime;][vc_empty_space height=\u00a0\u00bb50px\u00a0\u00bb]\n    <div class=\"service-box image-box \">\n        <img loading=\"lazy\" decoding=\"async\" width=\"680\" height=\"453\" src=\"https:\/\/codec-ouaga.com\/wp-content\/uploads\/2025\/11\/Credits-aux-PME-et-PMI-1.jpg\" class=\"img-responsive\" alt=\"\" srcset=\"https:\/\/codec-ouaga.com\/wp-content\/uploads\/2025\/11\/Credits-aux-PME-et-PMI-1.jpg 680w, https:\/\/codec-ouaga.com\/wp-content\/uploads\/2025\/11\/Credits-aux-PME-et-PMI-1-300x200.jpg 300w\" sizes=\"auto, (max-width: 680px) 100vw, 680px\" \/>        <div class=\"content-box\">\n            <h4><a href=\"https:\/\/codec-ouaga.com\/index.php\/credit-direct\/credits-aux-pme-et-pmi\/\">Cr\u00e9dits aux PME et PMI<\/a><\/h4>\n            <p><\/p>\r\n<p style=\"text-align: justify;\"><strong>Id\u00e9al pour<\/strong> : Les membres en qu\u00eate d\u2019un accompagnement financier structur\u00e9.<br \/><span style=\"color: #ffffff;\">CODEC-Ouaga<\/span><br \/><span style=\"color: #ffffff;\">CODEC-Ouaga<\/span><\/p>\r\n<p><\/p>\n            <a class=\"link-box pagelink\" href=\"https:\/\/codec-ouaga.com\/index.php\/credit-direct\/credits-aux-pme-et-pmi\/\" target=\"_self\">Lire la suite<\/a>        <\/div>\n    <\/div>\n\n    [vc_empty_space height=\u00a0\u00bb30px\u00a0\u00bb][\/vc_column][\/vc_row][vc_row][vc_column width=\u00a0\u00bb1\/3&Prime;]\n    <div class=\"service-box image-box \">\n        <img loading=\"lazy\" decoding=\"async\" width=\"680\" height=\"453\" src=\"https:\/\/codec-ouaga.com\/wp-content\/uploads\/2025\/11\/Credit-Groupe-Solidaire-1.jpg\" class=\"img-responsive\" alt=\"\" srcset=\"https:\/\/codec-ouaga.com\/wp-content\/uploads\/2025\/11\/Credit-Groupe-Solidaire-1.jpg 680w, https:\/\/codec-ouaga.com\/wp-content\/uploads\/2025\/11\/Credit-Groupe-Solidaire-1-300x200.jpg 300w\" sizes=\"auto, (max-width: 680px) 100vw, 680px\" \/>        <div class=\"content-box\">\n            <h4><a href=\"https:\/\/codec-ouaga.com\/index.php\/credit-groupe-solidaire\/\">Cr\u00e9dit Groupe Solidaire<\/a><\/h4>\n            <p><\/p>\r\n<p style=\"text-align: justify;\"><strong>Id\u00e9al pour<\/strong> : Les groupes ou associations cherchant \u00e0 d\u00e9velopper des activit\u00e9s collectives par la caution solidaire.<br \/><span style=\"color: #ffffff;\">CODEC-Ouaga<\/span><\/p>\n            <a class=\"link-box pagelink\" href=\"https:\/\/codec-ouaga.com\/index.php\/credit-groupe-solidaire\/\" target=\"_self\">Lire la suite<\/a>        <\/div>\n    <\/div>\n\n    [vc_empty_space height=\u00a0\u00bb30px\u00a0\u00bb][\/vc_column][vc_column width=\u00a0\u00bb1\/3&Prime;]\n    <div class=\"service-box image-box \">\n        <img loading=\"lazy\" decoding=\"async\" width=\"680\" height=\"453\" src=\"https:\/\/codec-ouaga.com\/wp-content\/uploads\/2025\/11\/Credit-Tontine-CODECO-1.jpg\" class=\"img-responsive\" alt=\"\" srcset=\"https:\/\/codec-ouaga.com\/wp-content\/uploads\/2025\/11\/Credit-Tontine-CODECO-1.jpg 680w, https:\/\/codec-ouaga.com\/wp-content\/uploads\/2025\/11\/Credit-Tontine-CODECO-1-300x200.jpg 300w\" sizes=\"auto, (max-width: 680px) 100vw, 680px\" \/>        <div class=\"content-box\">\n            <h4><a href=\"https:\/\/codec-ouaga.com\/index.php\/credit-direct\/credit-tontine-codeco-3\/\">Cr\u00e9dit Tontine CODECO<\/a><\/h4>\n            <p><\/p>\r\n<p style=\"text-align: justify;\"><strong>Id\u00e9al pour<\/strong> : Toutes personnes exer\u00e7ant une activit\u00e9 g\u00e9n\u00e9ratrice de revenus pratiquant la tontine.<br \/><span style=\"color: #ffffff;\">CODEC-Ouaga<\/span><\/p>\r\n<p><\/p>\n            <a class=\"link-box pagelink\" href=\"https:\/\/codec-ouaga.com\/index.php\/credit-direct\/credit-tontine-codeco-3\/\" target=\"_self\">Lire la suite<\/a>        <\/div>\n    <\/div>\n\n    [vc_empty_space height=\u00a0\u00bb30px\u00a0\u00bb][\/vc_column][vc_column width=\u00a0\u00bb1\/3&Prime;]\n    <div class=\"service-box image-box \">\n        <img loading=\"lazy\" decoding=\"async\" width=\"680\" height=\"453\" src=\"https:\/\/codec-ouaga.com\/wp-content\/uploads\/2025\/11\/Financement-vert-CREDIT-AGRICOLE-2.jpg\" class=\"img-responsive\" alt=\"\" srcset=\"https:\/\/codec-ouaga.com\/wp-content\/uploads\/2025\/11\/Financement-vert-CREDIT-AGRICOLE-2.jpg 680w, https:\/\/codec-ouaga.com\/wp-content\/uploads\/2025\/11\/Financement-vert-CREDIT-AGRICOLE-2-300x200.jpg 300w\" sizes=\"auto, (max-width: 680px) 100vw, 680px\" \/>        <div class=\"content-box\">\n            <h4><a href=\"https:\/\/codec-ouaga.com\/index.php\/credit-direct\/financement-vert-credit-agricole\/\">Financement vert \/CREDIT AGRICOLE<\/a><\/h4>\n            <p><\/p>\r\n<p style=\"text-align: justify;\"><strong>Id\u00e9al pour<\/strong> : Les membres (Personnes physiques ou morale) engag\u00e9s dans des projets \u00e9cologiques ou agricoles durables.<\/p>\r\n<p><\/p>\n            <a class=\"link-box pagelink\" href=\"https:\/\/codec-ouaga.com\/index.php\/credit-direct\/financement-vert-credit-agricole\/\" target=\"_self\">Lire la suite<\/a>        <\/div>\n    <\/div>\n\n    [vc_empty_space height=\u00a0\u00bb30px\u00a0\u00bb][\/vc_column][\/vc_row][vc_row][vc_column width=\u00a0\u00bb1\/3&Prime;]\n    <div class=\"service-box image-box \">\n        <img loading=\"lazy\" decoding=\"async\" width=\"680\" height=\"453\" src=\"https:\/\/codec-ouaga.com\/wp-content\/uploads\/2025\/11\/Pret-Scolaire-1.jpg\" class=\"img-responsive\" alt=\"\" srcset=\"https:\/\/codec-ouaga.com\/wp-content\/uploads\/2025\/11\/Pret-Scolaire-1.jpg 680w, https:\/\/codec-ouaga.com\/wp-content\/uploads\/2025\/11\/Pret-Scolaire-1-300x200.jpg 300w\" sizes=\"auto, (max-width: 680px) 100vw, 680px\" \/>        <div class=\"content-box\">\n            <h4><a href=\"https:\/\/codec-ouaga.com\/index.php\/credit-direct\/pret-scolaire-3\/\">Pr\u00eat Scolaire<\/a><\/h4>\n            <p><\/p>\r\n<p style=\"text-align: justify;\"><strong>Id\u00e9al pour<\/strong> : Les parents et tuteurs souhaitant garantir une rentr\u00e9e scolaire sereine \u00e0 leurs enfants.<br \/><span style=\"color: #ffffff;\">CODEC-Ouaga<\/span><\/p>\n            <a class=\"link-box pagelink\" href=\"https:\/\/codec-ouaga.com\/index.php\/credit-direct\/pret-scolaire-3\/\" target=\"_self\">Lire la suite<\/a>        <\/div>\n    <\/div>\n\n    [vc_empty_space height=\u00a0\u00bb30px\u00a0\u00bb][\/vc_column][vc_column width=\u00a0\u00bb1\/3&Prime;]\n    <div class=\"service-box image-box \">\n        <img loading=\"lazy\" decoding=\"async\" width=\"680\" height=\"453\" src=\"https:\/\/codec-ouaga.com\/wp-content\/uploads\/2025\/11\/Credit-Salaries-1.jpg\" class=\"img-responsive\" alt=\"\" srcset=\"https:\/\/codec-ouaga.com\/wp-content\/uploads\/2025\/11\/Credit-Salaries-1.jpg 680w, https:\/\/codec-ouaga.com\/wp-content\/uploads\/2025\/11\/Credit-Salaries-1-300x200.jpg 300w\" sizes=\"auto, (max-width: 680px) 100vw, 680px\" \/>        <div class=\"content-box\">\n            <h4><a href=\"https:\/\/codec-ouaga.com\/index.php\/credit-direct\/credit-salaries-3\/\">Cr\u00e9dit Salari\u00e9s<\/a><\/h4>\n            <p><\/p>\r\n<p style=\"text-align: justify;\"><strong>Id\u00e9al pour<\/strong> : Les employ\u00e9s ayant des projets personnels ou des besoins impr\u00e9vus n\u00e9cessitant un financement rapide.<br \/><span style=\"color: #ffffff;\">CODEC-Ouaga<\/span><\/p>\n            <a class=\"link-box pagelink\" href=\"https:\/\/codec-ouaga.com\/index.php\/credit-direct\/credit-salaries-3\/\" target=\"_self\">Lire la suite<\/a>        <\/div>\n    <\/div>\n\n    [vc_empty_space height=\u00a0\u00bb30px\u00a0\u00bb][\/vc_column][vc_column width=\u00a0\u00bb1\/3&Prime;][\/vc_column][\/vc_row][vc_row][vc_column]\n    <div class=\"section-head \">\n                <h2 class=\"section-title\">Les conditions d\u2019acc\u00e8s au cr\u00e9dit<\/h2>\n            <\/div>\n\n[vc_tta_accordion style=\u00a0\u00bbmodern\u00a0\u00bb color=\u00a0\u00bborange\u00a0\u00bb spacing=\u00a0\u00bb4&Prime; c_icon=\u00a0\u00bbtriangle\u00a0\u00bb active_section=\u00a0\u00bb\u00a0\u00bb css_animation=\u00a0\u00bbnone\u00a0\u00bb collapsible_all=\u00a0\u00bbtrue\u00a0\u00bb][vc_tta_section i_icon_fontawesome=\u00a0\u00bbfas fa-hand-holding-usd\u00a0\u00bb add_icon=\u00a0\u00bbtrue\u00a0\u00bb title=\u00a0\u00bbQui peut acc\u00e9der aux cr\u00e9dits \u00e0 CODEC-Ouaga?\u00a0\u00bb tab_id=\u00a0\u00bb1763572134093-87be1c04-5a28&Prime;][vc_column_text css=\u00a0\u00bb\u00a0\u00bb]<\/p>\r\n<div style=\"text-align: justify; font-size: 18px;\">\r\n<p>Les individuel, entreprises, coop\u00e9ratives et associations; pour \u00eatre \u00e9ligible \u00e0 un pr\u00eat il faut parmi tant d&rsquo;autres<strong> :<\/strong><!-- \/wp:post-content --><\/p>\r\n<p style=\"text-align: justify; font-family: 18px;\"><!-- wp:list --><\/p>\r\n<ul>\r\n<li><strong>\u00catre membre de la CODEC-OUAGA <\/strong>(avoir un compte courant ou commercial actif) pendant un temps raisonnable (au moins d&rsquo;un (01) mois)<strong> ;<\/strong><\/li>\r\n<li><strong>Avoir la majorit\u00e9 l\u00e9gale ou sociale<\/strong><\/li>\r\n<li><strong>Avoir un besoin (objet de cr\u00e9dit) justifi\u00e9, licite et rentable\u00a0;<\/strong><\/li>\r\n<li><strong>Avoir une activit\u00e9 lucrative et rentable\u00a0;<\/strong><\/li>\r\n<li><strong>Avoir une activit\u00e9 g\u00e9n\u00e9ratrice de revenus fonctionnel.<\/strong><\/li>\r\n<\/ul>\r\n<p><strong>Et si les cinq (05) points sont r\u00e9unis passez voir l&rsquo;agent de cr\u00e9dit de l\u2019agence o\u00f9 le compte a \u00e9t\u00e9 ouvert.<\/strong><\/p>\r\n<\/div>\r\n<p>[\/vc_column_text][\/vc_tta_section][vc_tta_section i_icon_fontawesome=\u00a0\u00bbfas fa-user-clock\u00a0\u00bb add_icon=\u00a0\u00bbtrue\u00a0\u00bb title=\u00a0\u00bbLes activit\u00e9s Financ\u00e9es\u00a0\u00bb tab_id=\u00a0\u00bb1763572134092-5b867711-2687&Prime;][vc_column_text css=\u00a0\u00bb\u00a0\u00bb]<\/p>\r\n<div style=\"text-align: justify; font-size: 18px;\">\r\n<ul>\r\n<li><strong>Commerce<\/strong><\/li>\r\n<li><strong>Agriculture<\/strong><\/li>\r\n<li><strong>Embouche<\/strong><\/li>\r\n<li><strong>Elevage de volaille<\/strong><\/li>\r\n<li><strong>Stockage\/Warrantage<\/strong><\/li>\r\n<li><strong>Investissement\/Equipement<\/strong><\/li>\r\n<li><strong>Financement des march\u00e9s<\/strong><\/li>\r\n<li><strong>Consommation<\/strong><\/li>\r\n<li><strong>Financement de cha\u00eene de valeurs<\/strong><\/li>\r\n<\/ul>\r\n<p><!-- \/wp:list -->\r\n\r\n<!-- wp:list-item -->[\/vc_column_text][\/vc_tta_section][\/vc_tta_accordion][\/vc_column][\/vc_row]<\/p>\r\n<\/div><\/div>","protected":false},"excerpt":{"rendered":"<p>[vc_row][vc_column width=\u00a0\u00bb1\/3&Prime;][vc_empty_space height=\u00a0\u00bb50px\u00a0\u00bb][vc_empty_space height=\u00a0\u00bb30px\u00a0\u00bb][\/vc_column][vc_column width=\u00a0\u00bb1\/3&Prime;][vc_empty_space height=\u00a0\u00bb50px\u00a0\u00bb][vc_empty_space height=\u00a0\u00bb30px\u00a0\u00bb][\/vc_column][vc_column width=\u00a0\u00bb1\/3&Prime;][vc_empty_space height=\u00a0\u00bb50px\u00a0\u00bb][vc_empty_space height=\u00a0\u00bb30px\u00a0\u00bb][\/vc_column][\/vc_row][vc_row][vc_column width=\u00a0\u00bb1\/3&Prime;][vc_empty_space height=\u00a0\u00bb30px\u00a0\u00bb][\/vc_column][vc_column width=\u00a0\u00bb1\/3&Prime;][vc_empty_space height=\u00a0\u00bb30px\u00a0\u00bb][\/vc_column][vc_column width=\u00a0\u00bb1\/3&Prime;][vc_empty_space height=\u00a0\u00bb30px\u00a0\u00bb][\/vc_column][\/vc_row][vc_row][vc_column width=\u00a0\u00bb1\/3&Prime;][vc_empty_space height=\u00a0\u00bb30px\u00a0\u00bb][\/vc_column][vc_column width=\u00a0\u00bb1\/3&Prime;][vc_empty_space height=\u00a0\u00bb30px\u00a0\u00bb][\/vc_column][vc_column width=\u00a0\u00bb1\/3&Prime;][\/vc_column][\/vc_row][vc_row][vc_column][vc_tta_accordion style=\u00a0\u00bbmodern\u00a0\u00bb color=\u00a0\u00bborange\u00a0\u00bb spacing=\u00a0\u00bb4&Prime; c_icon=\u00a0\u00bbtriangle\u00a0\u00bb active_section=\u00a0\u00bb\u00a0\u00bb css_animation=\u00a0\u00bbnone\u00a0\u00bb collapsible_all=\u00a0\u00bbtrue\u00a0\u00bb][vc_tta_section i_icon_fontawesome=\u00a0\u00bbfas fa-hand-holding-usd\u00a0\u00bb add_icon=\u00a0\u00bbtrue\u00a0\u00bb title=\u00a0\u00bbQui peut acc\u00e9der aux cr\u00e9dits \u00e0 CODEC-Ouaga?\u00a0\u00bb tab_id=\u00a0\u00bb1763572134093-87be1c04-5a28&Prime;][vc_column_text css=\u00a0\u00bb\u00a0\u00bb] Les individuel, entreprises, coop\u00e9ratives et associations; pour \u00eatre \u00e9ligible \u00e0 un pr\u00eat il faut parmi [&hellip;]<\/p>\n","protected":false},"author":1,"featured_media":0,"parent":0,"menu_order":0,"comment_status":"closed","ping_status":"closed","template":"","meta":{"footnotes":""},"class_list":["post-2382","page","type-page","status-publish","hentry"],"_links":{"self":[{"href":"https:\/\/codec-ouaga.com\/index.php\/wp-json\/wp\/v2\/pages\/2382","targetHints":{"allow":["GET"]}}],"collection":[{"href":"https:\/\/codec-ouaga.com\/index.php\/wp-json\/wp\/v2\/pages"}],"about":[{"href":"https:\/\/codec-ouaga.com\/index.php\/wp-json\/wp\/v2\/types\/page"}],"author":[{"embeddable":true,"href":"https:\/\/codec-ouaga.com\/index.php\/wp-json\/wp\/v2\/users\/1"}],"replies":[{"embeddable":true,"href":"https:\/\/codec-ouaga.com\/index.php\/wp-json\/wp\/v2\/comments?post=2382"}],"version-history":[{"count":0,"href":"https:\/\/codec-ouaga.com\/index.php\/wp-json\/wp\/v2\/pages\/2382\/revisions"}],"wp:attachment":[{"href":"https:\/\/codec-ouaga.com\/index.php\/wp-json\/wp\/v2\/media?parent=2382"}],"curies":[{"name":"wp","href":"https:\/\/api.w.org\/{rel}","templated":true}]}}